-7. Let j(a) be the second derivative of -a**3/3 + a**2 - 3*a. List the prime factors of j(v).
2, 3
List the prime factors of (-130)/(-18) + 12/(-54).
7
Let z be 1/(-4) - (-74)/8. What are the prime factors of 123/z - (-4)/(-6)?
13
Suppose 0 = -6*l + 3*l + 2*m + 169, 0 = -3*l + 5*m + 175. List the prime factors of l.
5, 11
Let g = -1 - -4. Let u = g - 9. Let l = 12 + u. What are the prime factors of l?
2, 3
Let c(x) = -x**3 - x**2 + 4*x + 9. What are the prime factors of c(-5)?
89
Let m(p) = -p - 7. Let s be m(-5). What are the prime factors of (1/1)/(s/(-26))?
13
Suppose 0 = -g + 1 + 3. Suppose 5*s - 4*j = 106, 2*j = -3*s + g*j + 62. List the prime factors of s + (-1 - (-2 + 2)).
17
Suppose 4*x + q - 24 = 39, -36 = -2*x + 4*q. Suppose -2*a - 5*d + 27 = 0, -4*a - x = -4*d - 0*d. Let v = a - -2. What are the prime factors of v?
3
Let p = 73 + -10. What are the prime factors of p?
3, 7
Let v(q) = -9*q + 6. Let b be v(-10). Suppose 2*p = 4*p - b. What are the prime factors of p?
2, 3
Suppose -4*f - j + 321 = -6*j, 5*j - 123 = -2*f. What are the prime factors of f?
2, 37
Suppose 426 = 2*a + 4*a. List the prime factors of a.
71
Let w(p) = p**2 - 4*p - 7. Let l be w(5). Let i(r) = 2*r**2 - r - 1 + 1 + 2. What are the prime factors of i(l)?
2, 3
Suppose -2*k = -2*n - 160, 2*k = 5*n + 150 + 25. List the prime factors of k.
3, 5
Suppose 3*r - 8*r + 80 = 0. What are the prime factors of r?
2
Let u(w) = w**2 + 0*w**2 + 3*w**2 + 6 - 16 - w**3 + 7*w. List the prime factors of u(4).
2, 3
Let p be (3 + -2 + -1)/2. Suppose 5*m - 2*j - 33 = p, -2*m + 5*j - 12 = -3*m. What are the prime factors of m?
7
Suppose 3*l = b - 36, l + 16 = -4*b + 3*b. Let t = l + 27. What are the prime factors of t?
2, 7
Let c = -33 + 30. Let v(k) = -2*k**3 - k**2 + k + 1. List the prime factors of v(c).
43
Suppose -2*y = 3*y - 185. List the prime factors of y.
37
Let m = 9 - -15. List the prime factors of m.
2, 3
Suppose 0 = -5*r + 68 + 7. Let b = r + -7. Suppose 0 = -3*h - b + 38. What are the prime factors of h?
2, 5
Suppose -2*x - 1 = -9. Suppose 4*k = -z - 0*z + x, 3*k - 3 = 4*z. Suppose -5*v - 2*q + 14 = q, z = 3*v - 4*q - 20. List the prime factors of v.
2
Suppose 5*b - o - 178 = 0, -b + 134 = 3*b - 5*o. What are the prime factors of b?
2, 3
Suppose 5*q = 4*r - 0*r - 42, 0 = 5*q + 10. Let g = -1 + r. List the prime factors of g.
7
Let b be 4*-1*(0 + -2). Suppose -4*z + 12 + b = 0. What are the prime factors of z?
5
Let y(i) = -6*i + 10. Let m be y(9). Let w = m + 78. Let k = 47 - w. What are the prime factors of k?
13
Suppose -4*l - l = 0. Suppose 0 = -l*h + 3*h - 2*w - 6, -13 = -4*h + w. Suppose 0 = -o + h*o - 33. List the prime factors of o.
11
Let t(x) = x**3 + 12*x**2 + 11*x - 20. List the prime factors of t(-10).
2, 5, 7
Suppose -n - 5 = 5. Let y be ((-12)/n)/(4/(-10)). List the prime factors of (2 - y)/(2/6).
3, 5
Let a be (3/(-4))/((-2)/16). Let s(d) = -3 + 6*d - 5*d + 0. List the prime factors of s(a).
3
Let a(b) be the second derivative of -b**4/12 - 3*b**3/2 + b**2/2 - 6*b. List the prime factors of a(-5).
3, 7
Suppose 4*k - 170 + 26 = 0. List the prime factors of k.
2, 3
Suppose -4*p = -5*c - 6, 7 = -2*c + 4*p - 5. Let z(v) = v**c + 9*v**3 - 10*v**3 + 3 + 4*v**2 - 2*v. List the prime factors of z(3).
3, 5
Let g(u) be the second derivative of u**3/6 + 23*u**2/2 + 3*u. What are the prime factors of g(-10)?
13
Let y = 2 + 1. Suppose -d = y*d - 148. What are the prime factors of d?
37
Suppose -3*q + 63 = -2*q. List the prime factors of q.
3, 7
Let d = -99 + 71. What are the prime factors of ((-14)/d)/((-2)/(-164))?
41
Suppose 0*m - 4 = -m. Suppose 4*f - i - 19 - 69 = 0, -3*f = -5*i - 66. Suppose -2*l - 2*a - a = -f, -l + 2*a = -m. What are the prime factors of l?
2
Suppose 1100 = 5*f + 5*g, 8*g = 4*f + 5*g - 866. What are the prime factors of f?
2, 109
Let g be (15/10)/((-2)/(-12)). What are the prime factors of ((-3)/g)/(1/(-57))?
19
Suppose -a = -4*h + 129, -4*a = -5*h - 0*a + 164. What are the prime factors of h?
2
Suppose -8*u + 93 = -5*u. List the prime factors of u.
31
Let l be (-30)/(-9) + 2/(-6). Suppose l*g - 18 = -2*o, 4*o + g = -2 + 38. What are the prime factors of o?
3
Let p(q) = 2*q + 1. Let g be p(-1). Let a = g + 5. Let u(f) = 2*f**2 - 7*f + 6. What are the prime factors of u(a)?
2, 5
Let k be (-4)/6*9/(-2). Let x(v) = -2*v - 1. Let h be x(k). Let a = h + 11. List the prime factors of a.
2
Let x = -6 - -24. List the prime factors of x.
2, 3
Suppose -4*g = -2*p - 0*g + 514, -271 = -p - 5*g. List the prime factors of p.
3, 29
Let i be ((-2)/(-5))/(3/(-225)). List the prime factors of (-2)/10 + (-396)/i.
13
Let t = 7 + -5. Suppose t*a = 3*a. Suppose -3*x + b + 10 = a, 2 = -0*x - 3*x - 2*b. What are the prime factors of x?
2
Let q(u) = 13*u**2 + 5*u + 8. List the prime factors of q(-3).
2, 5, 11
Suppose -3*r = -t, 4*r + 0*t = -t. Suppose l = -r*l - 7. Let b = l + 13. What are the prime factors of b?
2, 3
Suppose 6 = -g + 201. List the prime factors of g.
3, 5, 13
Let a be ((-6)/(-3) - 0) + 0. Suppose -a = -o + 6. What are the prime factors of o?
2
Suppose f = -f - j + 3, -f + 4 = 3*j. Let o(k) = 33*k**2 + 2*k - 1. List the prime factors of o(f).
2, 17
Let m = -43 - -68. Suppose -6*f + 11*f = 185. Let g = f - m. What are the prime factors of g?
2, 3
Let z(d) = -d**2 + 11*d + 3. Let c be z(6). Suppose 2*s + c = -39. List the prime factors of (-513)/s - 1/4.
2, 7
Let v = 1 + 1. Suppose 1 = v*w - 7. Let j = 4 + w. What are the prime factors of j?
2
Let r be ((-12)/(-9))/(2/6). Let i(d) = d**3 - 5*d**2 + 6*d - 3. What are the prime factors of i(r)?
5
Let r(u) be the first derivative of -u**4/4 - 8*u**3/3 - 3*u + 2. Let m be r(-8). List the prime factors of 1/m*(-8 + -4).
2
Suppose -4*v - 6 + 62 = 0. Let m be 1 + -1 - (7 - v). Let a(t) = -t**2 + 8*t + 9. What are the prime factors of a(m)?
2
Suppose 0*u + 2*u + 4*v = 86, 5*v + 215 = 5*u. Let j = u + -31. What are the prime factors of j?
2, 3
Suppose -4*h = -4*g + 12 - 116, -h + 38 = -4*g. What are the prime factors of h?
2, 11
Suppose -h + 3*h = 4*m - 14, -5*m = 2*h - 4. Suppose -5*r + 2*r + 15 = 0. Suppose -2*b + 6*b + p - 7 = 0, 5 = r*b + m*p. What are the prime factors of b?
3
Let u(k) = -6*k + 3. Suppose -3*z - 4*t = -z + 18, -t - 18 = 2*z. What are the prime factors of u(z)?
3, 19
Suppose -p + 4*n - 19 = -n, 16 = p + 2*n. List the prime factors of 2/(p/(-3)) + 28.
3
Let j = 84 + -43. What are the prime factors of j?
41
Let p(v) = -v**3 - 6*v**2 - 3*v + 2. Let k be p(-5). Let x = k - -13. List the prime factors of x.
5
Let t(p) = p**3 - 10*p**2 + 12*p + 1. List the prime factors of t(9).
2, 7
Let y = 116 + 179. List the prime factors of y.
5, 59
List the prime factors of (-4 - -3)*125/(-1).
5
Suppose y = -k + 2*k - 13, 3*k + 33 = -5*y. Let r = 6 - y. What are the prime factors of r?
3, 5
Let x = 7 + -26. Let c = x - -28. List the prime factors of c.
3
What are the prime factors of 16*-2*(-125)/20?
2, 5
List the prime factors of ((-3)/9)/(2/(-186)).
31
Suppose -5*q + 6 = -3*q, -5*q = -5*s + 180. List the prime factors of s.
3, 13
Suppose 4*p + 0*l + 91 = l, 0 = 4*p + 4*l + 116. Let y be (p/(-14))/((-2)/(-14)). What are the prime factors of 56/y*(-6)/(-4)?
7
Suppose t + 198 = 3*t. List the prime factors of t.
3, 11
Let i be (78/15)/(1/5). List the prime factors of (i/4)/(2/4).
13
Suppose 4*y - 127 = -5*o, -2*y = -4*y - 4*o + 68. List the prime factors of y.
2, 7
Suppose 4*u - 4 = -5*a + 12, 0 = 2*a - u - 9. Suppose -1 = -a*l + 47. List the prime factors of l.
2, 3
Let t(l) be the first derivative of 13*l**5/120 - l**4/24 - l**3/3 - 1. Let w(k) be the third derivative of t(k). List the prime factors of w(1).
2, 3
Suppose 5*b + 2*h - 3 = -2*h, -2*b + 5*h = -21. Suppose 0 = -0*d - d + 5*f + 61, -5*f + 83 = b*d. Suppose -2*w + d = w. What are the prime factors of w?
2, 3
Suppose -5*p = -27 - 588. List the prime factors of p.
3, 41
Suppose 2*h + 15 = 75. Suppose -4*d = m + 12, 5*m + h = -3*d - 2*d. List the prime factors of (d - -1)*18/(-2).
3
Let b(j) = -j - 4. Let m be b(-8). Let c = m - -17. What are the prime factors of c?
3, 7
Suppose -2*g + 3 = 2*w - 3, -7 = -g - 2*w. Let l = -1 + g. What are the prime factors of (5 + l)*(-2)/(-3)?
2
Let o = -3 - 4. Let t = o + 14. Suppose 3*z + t = 4*z. List the prime fact